{"id":40,"date":"2017-05-22T10:20:05","date_gmt":"2017-05-22T10:20:05","guid":{"rendered":"http:\/\/vela-vrata.hr\/?page_id=40"},"modified":"2018-11-28T16:13:34","modified_gmt":"2018-11-28T16:13:34","slug":"naslovna","status":"publish","type":"page","link":"https:\/\/vela-vrata.hr\/2014-2020\/","title":{"rendered":"LAGUR &#8220;Vela Vrata&#8221;"},"content":{"rendered":"<div id=\"istaknute-novosti-wrapper\">\n<\/p>\n<div class=\"naslovna-istaknuto-single\">\n<p><a href=\"https:\/\/vela-vrata.hr\/2014-2020\/uncategorized\/poziv-na-ukljucenje-u-projekt-local-fish-tour\/\"><\/p>\n<div class=\"aktualno-naslovna-slika\"><img loading=\"lazy\" decoding=\"async\" width=\"2560\" height=\"1709\" src=\"https:\/\/vela-vrata.hr\/2014-2020\/wp-content\/uploads\/2024\/02\/DSC_7198-Enhanced-NR-1-scaled.jpg\" class=\"attachment-full size-full wp-post-image\" alt=\"\" srcset=\"https:\/\/vela-vrata.hr\/2014-2020\/wp-content\/uploads\/2024\/02\/DSC_7198-Enhanced-NR-1-scaled.jpg 2560w, https:\/\/vela-vrata.hr\/2014-2020\/wp-content\/uploads\/2024\/02\/DSC_7198-Enhanced-NR-1-300x200.jpg 300w, https:\/\/vela-vrata.hr\/2014-2020\/wp-content\/uploads\/2024\/02\/DSC_7198-Enhanced-NR-1-1024x684.jpg 1024w, https:\/\/vela-vrata.hr\/2014-2020\/wp-content\/uploads\/2024\/02\/DSC_7198-Enhanced-NR-1-768x513.jpg 768w, https:\/\/vela-vrata.hr\/2014-2020\/wp-content\/uploads\/2024\/02\/DSC_7198-Enhanced-NR-1-1536x1025.jpg 1536w, https:\/\/vela-vrata.hr\/2014-2020\/wp-content\/uploads\/2024\/02\/DSC_7198-Enhanced-NR-1-2048x1367.jpg 2048w\" sizes=\"100vw\" \/><\/div>\n<h2>Poziv na uklju\u010denje u projekt \"LOCAL FISH TOUR\"<\/h2>\n<p><\/a><p class=\"home-datum\">21. velja\u010de 2024.<\/p><p class=\"home-excerpt\">LAGUR Vela Vrata nastavlja sa projektom \u201eLocal Fish\u201c koji je zapo\u010deo 2017. godine s ciljem motiviranja lokalnih dionika iz sektora turizma te dionika iz sektora<\/p><\/p>\n<\/div>\n<p><\/p>\n<div class=\"naslovna-istaknuto-single\">\n<p><a href=\"https:\/\/vela-vrata.hr\/2014-2020\/novosti\/vazna-obavijest-za-nositelje-projekta\/\"><\/p>\n<div class=\"aktualno-naslovna-slika\"><img loading=\"lazy\" decoding=\"async\" width=\"1200\" height=\"1068\" src=\"https:\/\/vela-vrata.hr\/2014-2020\/wp-content\/uploads\/2023\/12\/audiences-attention.png\" class=\"attachment-full size-full wp-post-image\" alt=\"\" srcset=\"https:\/\/vela-vrata.hr\/2014-2020\/wp-content\/uploads\/2023\/12\/audiences-attention.png 1200w, https:\/\/vela-vrata.hr\/2014-2020\/wp-content\/uploads\/2023\/12\/audiences-attention-300x267.png 300w, https:\/\/vela-vrata.hr\/2014-2020\/wp-content\/uploads\/2023\/12\/audiences-attention-1024x911.png 1024w, https:\/\/vela-vrata.hr\/2014-2020\/wp-content\/uploads\/2023\/12\/audiences-attention-768x684.png 768w\" sizes=\"100vw\" \/><\/div>\n<h2>VA\u017dNA OBAVIJEST za nositelje projekta<\/h2>\n<p><\/a><p class=\"home-datum\">22. prosinca 2023.<\/p><p class=\"home-excerpt\">Sukladno zadnjim izmjenama FLAG Natje\u010daja za SVE Mjere, podsje\u0107amo da je krajnji rok prihvatljivosti tro\u0161kova 31.12.2023. Sukladno \u010dlanku 39. stavku 14. Pravilniku o uvjetima, kriterijima,<\/p><\/p>\n<\/div>\n<p><\/p>\n<div class=\"naslovna-istaknuto-single\">\n<p><a href=\"https:\/\/vela-vrata.hr\/2014-2020\/uncategorized\/poziv-na-dostavu-projektnih-ideja\/\"><\/p>\n<div class=\"aktualno-naslovna-slika\"><img loading=\"lazy\" decoding=\"async\" width=\"2450\" height=\"2450\" src=\"https:\/\/vela-vrata.hr\/2014-2020\/wp-content\/uploads\/2019\/09\/stockvault-businessman-riding-hot-air-balloon-and-scanning-horizon176604.jpg\" class=\"attachment-full size-full wp-post-image\" alt=\"\" srcset=\"https:\/\/vela-vrata.hr\/2014-2020\/wp-content\/uploads\/2019\/09\/stockvault-businessman-riding-hot-air-balloon-and-scanning-horizon176604.jpg 2450w, https:\/\/vela-vrata.hr\/2014-2020\/wp-content\/uploads\/2019\/09\/stockvault-businessman-riding-hot-air-balloon-and-scanning-horizon176604-150x150.jpg 150w, https:\/\/vela-vrata.hr\/2014-2020\/wp-content\/uploads\/2019\/09\/stockvault-businessman-riding-hot-air-balloon-and-scanning-horizon176604-300x300.jpg 300w, https:\/\/vela-vrata.hr\/2014-2020\/wp-content\/uploads\/2019\/09\/stockvault-businessman-riding-hot-air-balloon-and-scanning-horizon176604-768x768.jpg 768w, https:\/\/vela-vrata.hr\/2014-2020\/wp-content\/uploads\/2019\/09\/stockvault-businessman-riding-hot-air-balloon-and-scanning-horizon176604-1024x1024.jpg 1024w, https:\/\/vela-vrata.hr\/2014-2020\/wp-content\/uploads\/2019\/09\/stockvault-businessman-riding-hot-air-balloon-and-scanning-horizon176604-100x100.jpg 100w\" sizes=\"100vw\" \/><\/div>\n<h2>Poziv na dostavu projektnih ideja<\/h2>\n<p><\/a><p class=\"home-datum\">29. kolovoza 2023.<\/p><p class=\"home-excerpt\">LAGUR Vela vrata zapo\u010dinje pripreme za izradu nove Lokalne razvojne strategije u ribarstvu za razdoblje 2021.-2027. Pozivaju se dionici s podru\u010dja Grada Malog Lo\u0161inja, Grada<\/p><\/p>\n<\/div>\n<p><\/p>\n<div class=\"naslovna-istaknuto-single\">\n<p><a href=\"https:\/\/vela-vrata.hr\/2014-2020\/novosti\/otvoreni-novi-natjecaji\/\"><\/p>\n<div class=\"aktualno-naslovna-slika\"><img loading=\"lazy\" decoding=\"async\" width=\"1600\" height=\"500\" src=\"https:\/\/vela-vrata.hr\/2014-2020\/wp-content\/uploads\/2017\/05\/lagur-vela-vrata-slide3.jpg\" class=\"attachment-full size-full wp-post-image\" alt=\"\" srcset=\"https:\/\/vela-vrata.hr\/2014-2020\/wp-content\/uploads\/2017\/05\/lagur-vela-vrata-slide3.jpg 1600w, https:\/\/vela-vrata.hr\/2014-2020\/wp-content\/uploads\/2017\/05\/lagur-vela-vrata-slide3-300x94.jpg 300w, https:\/\/vela-vrata.hr\/2014-2020\/wp-content\/uploads\/2017\/05\/lagur-vela-vrata-slide3-768x240.jpg 768w, https:\/\/vela-vrata.hr\/2014-2020\/wp-content\/uploads\/2017\/05\/lagur-vela-vrata-slide3-1024x320.jpg 1024w\" sizes=\"100vw\" \/><\/div>\n<h2>OTVORENI NOVI NATJE\u010cAJI<\/h2>\n<p><\/a><p class=\"home-datum\">29. prosinca 2022.<\/p><p class=\"home-excerpt\">TRE\u0106I FLAG NATJE\u010cAJ ZA MJERU 1.1.A&nbsp; Mjeru 1.1. A\u00a0\u2013 usmjerena registriranim prvokupcima \u2013 ugostiteljima i subjektima u poslovanju s hranom s registriranim objektima (ribarnicama)\u00a0 \u2013<\/p><\/p>\n<\/div>\n<p><\/p>\n<div class=\"naslovna-istaknuto-single\">\n<p><a href=\"https:\/\/vela-vrata.hr\/2014-2020\/novosti\/odabrani-projekti-za-mjeru-1-1-c-podrska-razvoju-i-osuvremenjivanju-male-ribarske-infrastrukture-i-unapredenje-uvjeta-poslovanja\/\"><\/p>\n<div class=\"aktualno-naslovna-slika\"><img loading=\"lazy\" decoding=\"async\" width=\"1000\" height=\"667\" src=\"https:\/\/vela-vrata.hr\/2014-2020\/wp-content\/uploads\/2017\/05\/novosti-2-dodijeljena-sredstva.jpg\" class=\"attachment-full size-full wp-post-image\" alt=\"\" srcset=\"https:\/\/vela-vrata.hr\/2014-2020\/wp-content\/uploads\/2017\/05\/novosti-2-dodijeljena-sredstva.jpg 1000w, https:\/\/vela-vrata.hr\/2014-2020\/wp-content\/uploads\/2017\/05\/novosti-2-dodijeljena-sredstva-300x200.jpg 300w, https:\/\/vela-vrata.hr\/2014-2020\/wp-content\/uploads\/2017\/05\/novosti-2-dodijeljena-sredstva-768x512.jpg 768w\" sizes=\"100vw\" \/><\/div>\n<h2>Odabrani projekti za Mjeru 1.1.C \"Podr\u0161ka razvoju i osuvremenjivanju male ribarske infrastrukture i unapre\u0111enje uvjeta poslovanja\u201d<\/h2>\n<p><\/a><p class=\"home-datum\">13. prosinca 2021.<\/p><p class=\"home-excerpt\">Upravni odbor Lokalne akcijske u ribarstvu \u201eVela vrata\u201c usvojio je 6 Odluka o odabiru u okviru Mjere 1.1.C -&nbsp; Podr\u0161ka razvoju i osuvremenjivanju male ribarske<\/p><\/p>\n<\/div>\n<p><\/p>\n<div class=\"naslovna-istaknuto-single\">\n<p><a href=\"https:\/\/vela-vrata.hr\/2014-2020\/novosti\/projekt-adri-smartfish\/\"><\/p>\n<div class=\"aktualno-naslovna-slika\"><img loading=\"lazy\" decoding=\"async\" width=\"1316\" height=\"740\" src=\"https:\/\/vela-vrata.hr\/2014-2020\/wp-content\/uploads\/2021\/10\/bscap0008.jpg\" class=\"attachment-full size-full wp-post-image\" alt=\"\" srcset=\"https:\/\/vela-vrata.hr\/2014-2020\/wp-content\/uploads\/2021\/10\/bscap0008.jpg 1316w, https:\/\/vela-vrata.hr\/2014-2020\/wp-content\/uploads\/2021\/10\/bscap0008-300x169.jpg 300w, https:\/\/vela-vrata.hr\/2014-2020\/wp-content\/uploads\/2021\/10\/bscap0008-768x432.jpg 768w, https:\/\/vela-vrata.hr\/2014-2020\/wp-content\/uploads\/2021\/10\/bscap0008-1024x576.jpg 1024w\" sizes=\"100vw\" \/><\/div>\n<h2>Projekt Adri.SmArtFish<\/h2>\n<p><\/a><p class=\"home-datum\">11. listopada 2021.<\/p><p class=\"home-excerpt\">Na podru\u010dju Valunskog zaljeva postavljen umjetni riblji greben &nbsp;Nakon \u0161to je Zadarska \u017eupanija postavila prvi umjetni riblji greben, tijekom pro\u0161log vikenda umjetni greben se postavio<\/p><\/p>\n<\/div>\n<p>\n<div class=\"clearfix\">&nbsp;<\/div>\n<div id=\"home-about-wrapper\" class=\" animated slideInLeft duration2 eds-on-scroll \">\n<div id=\"home-about-inner\">\n<p><img decoding=\"async\" title=\"LAGUR Vela Vrata\" src=\"\/wordpress\/wp-content\/uploads\/2017\/04\/lag-vela-vrta-logo.png\" alt=\"LAGUR Vela Vrata\"><\/p>\n<h1>Lokalna akcijska grupa u ribarstvu &#8220;VELA VRATA&#8221;<\/h1>\n<p>&#8220;Vela vrata&#8221; su mjesto susreta izme\u0111u javnog, civilnog i gospodarskog sektora, kao \u0161to su Vela vrata veza izme\u0111u cresko-lo\u0161injskog arhipelaga i priobalne Liburnije. Osim \u0161to po decentraliziranom modelu \u201espu\u0161tamo\u201c sredstva za lokalne dionike, povezujemo ribarski zanat s turizmom, inovacijama, znano\u0161\u0107u i kulturnom ba\u0161tinom. U tom vidu, partnerstva su Va\u0161a najve\u0107a vrijednost, jer se u njima stvara \u201erasadnik\u201c ideja koje \u0107e na kraju postati inovativni proizvodi i usluge, a time i nova radna mjesta.<\/p>\n<p><a title=\"LAGUR Vela Vrata - Vi\u0161e informacija\" href=\"\/flag-vela-vrata-o-nama\/\">Vi\u0161e o nama<\/a><\/p>\n<\/div>\n<\/div>\n<div id=\"home-clanovi-wrapper\">\n<div id=\"home-clanovi-inner\">\n<h2>Gradovi i op\u0107ine u sklopu LAGUR &#8220;VELA VRATA&#8221;<\/h2>\n<div class=\"home-clan-single animated fadeIn delay1 duration2 eds-on-scroll \"><a title=\"Grad Cres\" href=\"http:\/\/www.cres.hr\/\" target=\"_blank\" rel=\"noopener noreferrer\"><br \/>\n<img decoding=\"async\" title=\"Grad Cres\" src=\"\/wordpress\/wp-content\/uploads\/2017\/05\/Grad-Cres.gif\" alt=\"Grad Cres\"><\/a>GradCres<\/div>\n<div class=\"home-clan-single animated fadeIn delay2 duration2 eds-on-scroll \"><a title=\"Grad Mali Lo\u0161inj\" href=\"http:\/\/www.mali-losinj.hr\/\" target=\"_blank\" rel=\"noopener noreferrer\"><br \/>\n<img decoding=\"async\" title=\"Grad Mali Lo\u0161inj\" src=\"\/wordpress\/wp-content\/uploads\/2017\/05\/Grad-Mali-Lotinj.gif\" alt=\"Grad Mali Lo\u0161inj\"><\/a>GradMali Lo\u0161inj<\/div>\n<div class=\"home-clan-single animated fadeIn delay3 duration2 eds-on-scroll \"><a title=\"Grad Opatija\" href=\"http:\/\/www.opatija.hr\/\" target=\"_blank\" rel=\"noopener noreferrer\"><br \/>\n<img decoding=\"async\" title=\"Grad Opatija\" src=\"\/wordpress\/wp-content\/uploads\/2017\/05\/Grad-Opatija.gif\" alt=\"Grad Opatija\"><\/a>GradOpatija<\/div>\n<div class=\"home-clan-single animated fadeIn delay4 duration2 eds-on-scroll \"><a title=\"Op\u0107ina Mo\u0161\u0107eni\u010dka Draga\" href=\"http:\/\/www.moscenicka-draga.hr\/\" target=\"_blank\" rel=\"noopener noreferrer\"><br \/>\n<img decoding=\"async\" title=\"Op\u0107ina Mo\u0161\u0107eni\u010dka Draga\" src=\"\/wordpress\/wp-content\/uploads\/2017\/05\/Op\u00e5ina-Mot\u00e5eni\u0192ka-Draga.gif\" alt=\"Op\u0107ina Mo\u0161\u0107eni\u010dka Draga\"><\/a>Op\u0107inaMo\u0161\u0107eni\u010dka Draga<\/div>\n<div class=\"home-clan-single animated fadeIn delay5 duration2 eds-on-scroll \"><a title=\"Op\u0107ina Lovran\" href=\"http:\/\/www.opcinalovran.hr\/\" target=\"_blank\" rel=\"noopener noreferrer\"><br \/>\n<img decoding=\"async\" title=\"Op\u0107ina Lovran\" src=\"\/wordpress\/wp-content\/uploads\/2017\/05\/Op\u00e5ina-Lovran.gif\" alt=\"Op\u0107ina Lovran\"><\/a>Op\u0107inaLovran<\/div>\n<div class=\"clearfix\">&nbsp;<\/div>\n<p><a id=\"clanovi-button\" title=\"LAGUR Vela Vrata - Vi\u0161e informacija\" href=\"\/flag-vela-vrata-o-nama\/\">Svi \u010dlanovi LAGUR-a<\/a><\/p>\n<\/div>\n<\/div>\n<div id=\"home-partneri-wrapper\" class=\"animated slideInLeft duration2 eds-on-scroll\">\n<div id=\"home-partneri-inner\">\n<h2>Partneri LAGUR-a &#8220;VELA VRATA&#8221;<\/h2>\n<div class=\"home-partneri-single\"><a title=\"Zadruga za eti\u010dno financiranje\" href=\"http:\/\/zef.hr\/\" target=\"_blank\" rel=\"noopener noreferrer\"><br \/>\n<img decoding=\"async\" title=\"Zadruga za eti\u010dno financiranje\" src=\"\/wordpress\/wp-content\/uploads\/2017\/05\/partneri-zef-zadruga-eticno-financiranje.png\" alt=\"Zadruga za eti\u010dno financiranje\"><\/a>ZEF &#8211; Zadruga zaeti\u010dno financiranje<\/div>\n<div class=\"home-partneri-single\"><a title=\"LEADER mre\u017ea Hrvatske\" href=\"http:\/\/www.lmh.hr\/\" target=\"_blank\" rel=\"noopener noreferrer\"><br \/>\n<img decoding=\"async\" title=\"LEADER mre\u017ea Hrvatske\" src=\"\/wordpress\/wp-content\/uploads\/2017\/05\/partneri-leader_mreza_hrvatske.png\" alt=\"LEADER mre\u017ea Hrvatske\"><\/a>LEADERmre\u017ea Hrvatske<\/div>\n<div class=\"home-partneri-single\"><a title=\"LAG Terra Liburna\" href=\"http:\/\/www.terra-liburna.hr\/\" target=\"_blank\" rel=\"noopener noreferrer\"><br \/>\n<img decoding=\"async\" title=\"LAG Terra Liburna\" src=\"\/wordpress\/wp-content\/uploads\/2017\/05\/partneri-lag-terra-liburna.png\" alt=\"LAG Terra Liburna\"><\/a>LAGTerra Liburna<\/div>\n<div class=\"home-partneri-single\"><a title=\"LAG Kvarnerski otoci\" href=\"http:\/\/www.kvarnerski-otoci.hr\/\" target=\"_blank\" rel=\"noopener noreferrer\"><br \/>\n<img decoding=\"async\" title=\"LAG Kvarnerski otoci\" src=\"\/wordpress\/wp-content\/uploads\/2017\/05\/partneri-lag-kvarnerski-otoci.png\" alt=\"LAG Kvarnerski otoci\"><\/a>LAGKvarnerski otoci<\/div>\n<div class=\"clearfix\">&nbsp;<\/div>\n<\/div>\n<\/div>\n<div id=\"home-copyrights\">\n<p>Ova je web stranica izra\u0111ena u sklopu Operativnog programa za pomorstvo i ribarstvo RH 2014-2020 kroz mjeru III.1 \u201cPripremna potpora\u201d financiranog iz Europskog fonda za pomorstvo i ribarstvo. Sadr\u017eaj ove web stranice je isklju\u010diva odgovornost LAGUR-a Vela vrata i ne odra\u017eava nu\u017eno stajali\u0161te Europske unije.<\/p>\n<p><b>Autori fotografija:<\/b> An\u0111ela Cvjetkovi\u0107, Mario Zaccaria, Denis Vi\u0161kani\u0107, Sanja Rapai\u0107<\/p>\n<p><img decoding=\"async\" class=\"animated fadeIn delay1 duration2 eds-on-scroll \" title=\"Sufinancirano sredstvima EU\" src=\"https:\/\/vela-vrata.hr\/2014-2020\/wordpress\/wp-content\/uploads\/2017\/05\/sufinancirano.png\" alt=\"Sufinancirano sredstvima Europske unije\"><\/p>\n<p>&nbsp;<\/p>\n<p><a href=\"https:\/\/vela-vrata.hr\/2014-2020\/lagur-vela-vrata-dokumenti\/pravilnik_zop_lagur-vv-v-1\/\" rel=\"attachment wp-att-346\"><img loading=\"lazy\" decoding=\"async\" class=\"aligncenter size-thumbnail wp-image-346\" src=\"https:\/\/vela-vrata.hr\/2014-2020\/wordpress\/wp-content\/uploads\/2017\/05\/gdpr-logo-150x150.png\" alt=\"\" width=\"150\" height=\"150\" srcset=\"https:\/\/vela-vrata.hr\/2014-2020\/wp-content\/uploads\/2017\/05\/gdpr-logo-150x150.png 150w, https:\/\/vela-vrata.hr\/2014-2020\/wp-content\/uploads\/2017\/05\/gdpr-logo-100x100.png 100w\" sizes=\"(max-width: 150px) 100vw, 150px\" \/><\/a>Lokalna akcijska grupa u ribarstvu \u201eVela vrata\u201c obveznik je primjene navedene regulative te je du\u017ena nadzirati prikupljanje, obradu, kori\u0161tenje i za\u0161titu osobnih podataka svih fizi\u010dkih osoba \u010dije podatke uzima i koristi.<\/p>\n<p><b>Slu\u017ebenik za za\u0161titu osobnih podataka:<\/b>&nbsp;Eliana Zec Solina<br \/>\n<b>Adresa:<\/b>&nbsp;Creskog statuta 15, 51557 Cres<br \/>\n<b>Telefon\/GSM:<\/b>&nbsp;091\/7323356<br \/>\n<b>E-po\u0161ta:<\/b>&nbsp;zop.ured.velavrata@gmail.com<\/p>\n<\/div>\n<\/div>\n","protected":false},"excerpt":{"rendered":"<p>&nbsp; Lokalna akcijska grupa u ribarstvu &#8220;VELA VRATA&#8221; &#8220;Vela vrata&#8221; su mjesto susreta izme\u0111u javnog, civilnog i gospodarskog sektora, kao \u0161to su Vela vrata veza izme\u0111u cresko-lo\u0161injskog arhipelaga i priobalne Liburnije. Osim \u0161to po decentraliziranom modelu \u201espu\u0161tamo\u201c sredstva za lokalne dionike, povezujemo ribarski zanat s turizmom, inovacijama, znano\u0161\u0107u i kulturnom ba\u0161tinom. U tom vidu, partnerstva &hellip; <\/p>\n<p class=\"link-more\"><a href=\"https:\/\/vela-vrata.hr\/2014-2020\/\" class=\"more-link\">Nastavi \u010ditati<span class=\"screen-reader-text\"> &#8220;LAGUR &#8220;Vela Vrata&#8221;&#8221;<\/span><\/a><\/p>\n","protected":false},"author":1,"featured_media":0,"parent":0,"menu_order":0,"comment_status":"closed","ping_status":"closed","template":"","meta":{"ngg_post_thumbnail":0,"footnotes":""},"_links":{"self":[{"href":"https:\/\/vela-vrata.hr\/2014-2020\/wp-json\/wp\/v2\/pages\/40"}],"collection":[{"href":"https:\/\/vela-vrata.hr\/2014-2020\/wp-json\/wp\/v2\/pages"}],"about":[{"href":"https:\/\/vela-vrata.hr\/2014-2020\/wp-json\/wp\/v2\/types\/page"}],"author":[{"embeddable":true,"href":"https:\/\/vela-vrata.hr\/2014-2020\/wp-json\/wp\/v2\/users\/1"}],"replies":[{"embeddable":true,"href":"https:\/\/vela-vrata.hr\/2014-2020\/wp-json\/wp\/v2\/comments?post=40"}],"version-history":[{"count":44,"href":"https:\/\/vela-vrata.hr\/2014-2020\/wp-json\/wp\/v2\/pages\/40\/revisions"}],"predecessor-version":[{"id":345,"href":"https:\/\/vela-vrata.hr\/2014-2020\/wp-json\/wp\/v2\/pages\/40\/revisions\/345"}],"wp:attachment":[{"href":"https:\/\/vela-vrata.hr\/2014-2020\/wp-json\/wp\/v2\/media?parent=40"}],"curies":[{"name":"wp","href":"https:\/\/api.w.org\/{rel}","templated":true}]}}