{"id":402,"date":"2018-12-15T19:48:45","date_gmt":"2018-12-15T19:48:45","guid":{"rendered":"http:\/\/vela-vrata.hr\/?page_id=402"},"modified":"2018-12-15T20:37:46","modified_gmt":"2018-12-15T20:37:46","slug":"lagur-vela-vrata-zapisnici-i-odluke","status":"publish","type":"page","link":"https:\/\/vela-vrata.hr\/2014-2020\/lagur-vela-vrata-zapisnici-i-odluke\/","title":{"rendered":"LAGUR VELA VRATA &#8211; ZAPISNICI I ODLUKE"},"content":{"rendered":"<h2 style=\"text-align: center;\"><span style=\"color: #00ccff;\">Dokumenti za preuzimanje:<\/span><\/h2>\n<p><a href=\"https:\/\/vela-vrata.hr\/2014-2020\/lagur-vela-vrata-dokumenti\/odluka-o-usvajanju-lrsr_27-06-2017\/\" rel=\"attachment wp-att-354\">Odluka o usvajanju LRSR_27.06.2017.<\/a><\/p>\n<p><a href=\"https:\/\/vela-vrata.hr\/2014-2020\/lagur-vela-vrata-dokumenti\/odluka-o-ukljucivanju-u-flag-mrezu-18-12-2017\/\" rel=\"attachment wp-att-372\">Odluka o uklju\u010divanju u FLAG mre\u017eu 18.12.2017.<\/a><\/p>\n<p><a href=\"https:\/\/vela-vrata.hr\/2014-2020\/lagur-vela-vrata-dokumenti\/odluka-skupstine-izmjene-statuta-28-03-2018\/\" rel=\"attachment wp-att-355\">Odluka Skup\u0161tine izmjene Statuta 28.03.2018.<\/a><\/p>\n<p><a href=\"https:\/\/vela-vrata.hr\/2014-2020\/lagur-vela-vrata-dokumenti\/odluka-skupstine-o-gfi2017-28-03-2018\/\" rel=\"attachment wp-att-356\">Odluka Skupstine o GFI2017 28.03.2018.<\/a><\/p>\n<p><a href=\"https:\/\/vela-vrata.hr\/2014-2020\/lagur-vela-vrata-dokumenti\/odluka-skupstine-o-uredskom-poslovanju-28-03-18-2\/\" rel=\"attachment wp-att-357\">Odluka Skupstine o uredskom poslovanju 28.03.18.<\/a><\/p>\n<p><a href=\"https:\/\/vela-vrata.hr\/2014-2020\/lagur-vela-vrata-dokumenti\/odluka-uo-pisarnica-28-03-2018\/\" rel=\"attachment wp-att-370\">Odluka UO pisarnica 28.03.2018.<\/a><\/p>\n<p><a href=\"https:\/\/vela-vrata.hr\/2014-2020\/lagur-vela-vrata-dokumenti\/odluka-skupstine-pravilnik-o-fin-i-matposl-28-03-18-2\/\" rel=\"attachment wp-att-358\">Odluka Skupstine pravilnik o fin.i mat,posl. 28.03.18.<\/a><\/p>\n<p><a href=\"https:\/\/vela-vrata.hr\/2014-2020\/lagur-vela-vrata-dokumenti\/odluka-skupstine-bagatelna-28-03-2018\/\" rel=\"attachment wp-att-359\">Odluka Skup\u0161tine bagatelna 28.03.2018.<\/a><\/p>\n<p>Zapisnici \u0107e uskoro biti dostupni!&nbsp;<\/p>\n","protected":false},"excerpt":{"rendered":"<p>Dokumenti za preuzimanje: Odluka o usvajanju LRSR_27.06.2017. Odluka o uklju\u010divanju u FLAG mre\u017eu 18.12.2017. Odluka Skup\u0161tine izmjene Statuta 28.03.2018. Odluka Skupstine o GFI2017 28.03.2018. Odluka Skupstine o uredskom poslovanju 28.03.18. Odluka UO pisarnica 28.03.2018. Odluka Skupstine pravilnik o fin.i mat,posl. 28.03.18. Odluka Skup\u0161tine bagatelna 28.03.2018. Zapisnici \u0107e uskoro biti dostupni!&nbsp;<\/p>\n","protected":false},"author":1,"featured_media":0,"parent":0,"menu_order":0,"comment_status":"closed","ping_status":"closed","template":"","meta":{"ngg_post_thumbnail":0,"footnotes":""},"_links":{"self":[{"href":"https:\/\/vela-vrata.hr\/2014-2020\/wp-json\/wp\/v2\/pages\/402"}],"collection":[{"href":"https:\/\/vela-vrata.hr\/2014-2020\/wp-json\/wp\/v2\/pages"}],"about":[{"href":"https:\/\/vela-vrata.hr\/2014-2020\/wp-json\/wp\/v2\/types\/page"}],"author":[{"embeddable":true,"href":"https:\/\/vela-vrata.hr\/2014-2020\/wp-json\/wp\/v2\/users\/1"}],"replies":[{"embeddable":true,"href":"https:\/\/vela-vrata.hr\/2014-2020\/wp-json\/wp\/v2\/comments?post=402"}],"version-history":[{"count":2,"href":"https:\/\/vela-vrata.hr\/2014-2020\/wp-json\/wp\/v2\/pages\/402\/revisions"}],"predecessor-version":[{"id":414,"href":"https:\/\/vela-vrata.hr\/2014-2020\/wp-json\/wp\/v2\/pages\/402\/revisions\/414"}],"wp:attachment":[{"href":"https:\/\/vela-vrata.hr\/2014-2020\/wp-json\/wp\/v2\/media?parent=402"}],"curies":[{"name":"wp","href":"https:\/\/api.w.org\/{rel}","templated":true}]}}