{"id":628,"date":"2019-09-03T09:51:01","date_gmt":"2019-09-03T09:51:01","guid":{"rendered":"http:\/\/vela-vrata.hr\/?page_id=628"},"modified":"2024-01-25T08:49:55","modified_gmt":"2024-01-25T08:49:55","slug":"mjera-2-2","status":"publish","type":"page","link":"https:\/\/vela-vrata.hr\/2014-2020\/mjera-2-2\/","title":{"rendered":"NATJE\u010cAJ MJERA 2.2."},"content":{"rendered":"<h1><strong><u>2. FLAG Natje\u010daj za Mjeru 2.2. O\u010duvanje i valorizacija pomorske i ribarske ba\u0161tine i o\u010duvanje identiteta podru\u010dja &#8211; ZATVORENO<\/u><\/strong><\/h1>\n<p>Predmet i svrha FLAG natje\u010daja je dodjela javne potpore za provedbu Mjere 2.2. u okviru odobrene LRSR s&nbsp;<strong>ciljem<\/strong>&nbsp;<strong>promicanje za\u0161tite i odr\u017eivog upravljanja prirodnom resursnom osnovnom i valorizacija kulturne, pomorske i ribarske ba\u0161tine i povezanih tradicijskih znanja.<\/strong><\/p>\n<ul>\n<li><strong>Rok za podno\u0161enje prijava:<\/strong> od 04.01.2023. godine do 16.02.2023. &#8211; <em>Odlukom Upravnog odbora, rok za podno\u0161enje prijava produljuje se <strong>do 24.02.2023.<\/strong><\/em><\/li>\n<li><b>Raspolo\u017eiva<\/b> <strong>sredstava:<\/strong>&nbsp;200.674,89 EUR<\/li>\n<li><strong>Najni\u017ei iznos javne potpore po projektu<\/strong>: 3.000,00 EUR&nbsp;<\/li>\n<li><strong>Najvi\u0161i iznos javne potpore po projektu:<\/strong> 50.000,00 EUR &#8211; <em>Odlukom Upravnog odbora, novi iznos glasi: <strong>65.000,00 EUR<\/strong><\/em><\/li>\n<li><strong>Intenzitet potpore:<\/strong>&nbsp; 100%<span style=\"font-size: revert; color: initial;\"> u slu\u010daju da projekt odnosno operacija zadovoljava kriterije: zajedni\u010dkog korisnika i zajedni\u010dkog interesa, sukladno Pravilniku o provedbi LRSR, \u010clanak 8. stavak 3.<\/span><\/li>\n<li><strong>Prihvatljivi nositelji projekta: <\/strong>Udruga u ribarstvu, udruga izvan sektora ribarstva, javnopravno tijelo, poduze\u0107e\/trgova\u010dko dru\u0161tvo ili organizacija u ve\u0107inskom javnom vlasni\u0161tvu.<\/li>\n<\/ul>\n<p><strong>Nositelj projekta mora imati stalno sjedi\u0161te ili biti registriran ili imati podru\u017enicu unutar ribarstvenog podru\u010dja FLAG-a Vela vrata<\/strong><\/p>\n<p><strong>Prihvatljive aktivnosti (operacije) u okviru ovog FLAG natje\u010daja su:<\/strong><\/p>\n<ol>\n<li>Opremanje javnih prostora i\/ili javnih dobara za predstavljanje odnosno interpretaciju tradicijske pomorske i ribarske ba\u0161tine uklju\u010duju\u0107i uvo\u0111enje inovativnih sustava interpretacije (IKT rje\u0161enja i sl.);<\/li>\n<li>Aktivnosti organizacije tradicijskih regata, drugih manifestacija i promid\u017ebenih doga\u0111anja s ciljem valoriziranja pomorske i ribarske ba\u0161tine;<\/li>\n<li>Aktivnosti edukacije stanovni\u0161tva i posjetitelja\/turista o tradiciji brodogradnje i\/ili ribarstva te prijenos znanja i vje\u0161tina povezanih s pomorskom i ribarskom ba\u0161tinom;<\/li>\n<li>Op\u0107i tro\u0161kovi<\/li>\n<\/ol>\n<p>Informacije o FLAG natje\u010daju mo\u017eete zatra\u017eiti:<\/p>\n<ul>\n<li><strong>e-mailom:<\/strong>&nbsp;natjecaji.velavrata@gmail.com<\/li>\n<li><strong>Osobno<\/strong>:&nbsp; Pod urom 6, 51557 Cres&nbsp;<\/li>\n<\/ul>\n<p>Odgovori na pitanja biti \u0107e objavljeni na web stranici&nbsp;<a href=\"http:\/\/www.vela-vrata.hr\">vela-vrata.hr<\/a><\/p>\n<ul>\n<li>Odluka o raspisivanju FLAG natje\u010daja za mjeru 2.2.<\/li>\n<\/ul>\n<h3 style=\"text-align: center;\">Natje\u010dajna dokumentacija:<\/h3>\n<ol>\n<li><b><i>Tekst FLAG natje\u010daja M 2.2_V.2.0 &#8211; stavljen van snage&nbsp;<\/i><\/b><\/li>\n<\/ol>\n<p><a href=\"https:\/\/vela-vrata.hr\/2014-2020\/wp-content\/uploads\/2023\/04\/FLAG-natjecaj_FLAG-VV_M-2.2_V.2.1_F.pdf\">FLAG natjecaj_FLAG VV_M 2.2_V.2.1_F<\/a> &#8211; stavljen van snage&nbsp;<\/p>\n<p><a href=\"https:\/\/vela-vrata.hr\/2014-2020\/wp-content\/uploads\/2023\/02\/T.1._Odluka-izmjena_FN-M2.2.pdf\">Odluka izmjena_FN M2.2 <\/a>&nbsp;<em>-objavljeno 15.02.2023.&nbsp;<\/em><\/p>\n<p><a href=\"https:\/\/vela-vrata.hr\/2014-2020\/wp-content\/uploads\/2023\/10\/03-2023-19_Odluka_2.-izmjena-FN-M2.2.v2.pdf\">Odluka o 2. izmjeni FN M2.2. v.2 &#8211; <\/a>20.10.2023.<\/p>\n<p><a href=\"https:\/\/vela-vrata.hr\/2014-2020\/wp-content\/uploads\/2023\/10\/FLAG-natjecaj_FLAG-VV_M-2.2_V.2.2_F.pdf\">FLAG natje\u010daj M2.2. v2.2.&nbsp;<\/a><\/p>\n<h5>2. PRILOZI SPECIFI\u010cNI ZA MJERU 2.2.<\/h5>\n<ul>\n<li><a href=\"https:\/\/vela-vrata.hr\/2014-2020\/wordpress\/wp-content\/uploads\/2022\/12\/PRILOG-I-Popis-dokumentacije-za-podnosenje-ZZP_V.2.0.pdf\">PRILOG I Popis dokumentacije za podno\u0161enje ZZP_V.2.0<\/a><\/li>\n<li><a href=\"https:\/\/vela-vrata.hr\/2014-2020\/wordpress\/wp-content\/uploads\/2022\/12\/PRILOG-II-Popis-dokumentacije-za-podnosenje-ZZI_V.2.pdf\">PRILOG II Popis dokumentacije za podno\u0161enje ZZI_V.2.0<\/a><\/li>\n<\/ul>\n<h5><strong style=\"font-size: 1rem;\"><em>3. PRILOZI ZA SVE FLAG NATJE\u010cAJE<\/em><\/strong><\/h5>\n<ul>\n<li><a href=\"https:\/\/euribarstvo.hr\/files\/Pravila-i-upute-za-provedbu-nabave_nositelj-projekta.pdf\">PRILOG IV Pravila i upute za provedbu nabave&nbsp;<\/a><\/li>\n<li><a href=\"https:\/\/euribarstvo.hr\/propisi-smjernice\/\">PRILOG V Pravila za provedbu mjera informiranja i promid\u017ebu<\/a><\/li>\n<li><a href=\"https:\/\/vela-vrata.hr\/2014-2020\/flag-vela-vrata-strategija\/\" target=\"_blank\" rel=\"noopener\">PRILOG VI Lokalna razvojna strategija u ribarstvu LAGUR-a Vela vrata za razdoblje 2014.-2020.<\/a><\/li>\n<li><a href=\"https:\/\/narodne-novine.nn.hr\/clanci\/sluzbeni\/2019_03_27_556.html\">PRILOG VII Pravilnik o provedbi LRSR<\/a><\/li>\n<li><a href=\"https:\/\/vela-vrata.hr\/2014-2020\/wordpress\/wp-content\/uploads\/2019\/09\/Pravilnik-VV-za-odabir-i-provedbu-projekata-u-okviru-LRSR.pdf\">PRILOG VIII Pravilnik za provedbu projekata u okviru LRSR LAGUR-a Vela vrata<\/a><\/li>\n<li><a href=\"https:\/\/euribarstvo.hr\/propisi-smjernice\/\">PRILOG IX Priru\u010dnik za korisnike OPPR-a_ Kontrola na terenu<\/a><\/li>\n<li><a href=\"https:\/\/euribarstvo.hr\/propisi-smjernice\/\">PRILOG X Upute za \u010duvanje dokumentacije<\/a><\/li>\n<li><a href=\"https:\/\/euribarstvo.hr\/propisi-smjernice\/\">PRILOG XI Vodi\u010d za upis u evidenciju korisnika potpora u ruralnom razvoju i ribarstvu<\/a><\/li>\n<li><a href=\"https:\/\/vela-vrata.hr\/2014-2020\/wordpress\/wp-content\/uploads\/2019\/09\/Vodi\u010d_Definicija-MSP-a-1.pdf\">PRILOG XII Vodi\u010d_Definicija-MSP-a<\/a><\/li>\n<li><a href=\"https:\/\/euribarstvo.hr\/propisi-smjernice\/\">PRILOG XIII Vizualni identitet OP za pomorstvo i ribarstvo<\/a><\/li>\n<li><a href=\"https:\/\/euribarstvo.hr\/propisi-smjernice\/\">PRILOG XIV Uputa za popunjavanje obrasca Zahtjeva za kontrolu na terenu u ranijoj fazi<\/a><\/li>\n<\/ul>\n<h5><strong style=\"font-size: 1rem;\"><em>4. OBRASCI<\/em><\/strong><\/h5>\n<ul>\n<li><a href=\"https:\/\/vela-vrata.hr\/2014-2020\/wordpress\/wp-content\/uploads\/2022\/12\/Obrazac-1.A-Zahtjev-za-potporu_2.0_F.docx\">Obrazac 1.A Zahtjev za potporu_2.0_F<\/a><\/li>\n<li><a href=\"https:\/\/vela-vrata.hr\/2014-2020\/wordpress\/wp-content\/uploads\/2023\/01\/Obrazac-1.B-Lista-troskova_M_2.2._V.2.0.xlsx\">Obrazac-1.B-Lista-tro\u0161kova&nbsp;<\/a><\/li>\n<li><a href=\"https:\/\/vela-vrata.hr\/2014-2020\/wordpress\/wp-content\/uploads\/2022\/12\/Obrazac-1.C-Odrzivost-projekta_M.2.2_V.2.0.xlsx\">Obrazac 1.C Odr\u017eivost projekta<\/a>&nbsp;<\/li>\n<li><a href=\"https:\/\/vela-vrata.hr\/2014-2020\/wordpress\/wp-content\/uploads\/2022\/12\/Obrazac-2.-Izjava-Nositelja-projekta_M.2.2_V.2.0.docx\">Obrazac 2. Izjava Nositelja projekta &#8211; prijavitelja&nbsp;<\/a><\/li>\n<li><a href=\"https:\/\/vela-vrata.hr\/2014-2020\/wordpress\/wp-content\/uploads\/2022\/12\/Obrazac-3.-Izjava-Partnera-u-projektu_M.2.2._v.2.0.docx\">Obrazac 3 &#8211; Izjava partnera u projektu<\/a><\/li>\n<li><a href=\"https:\/\/vela-vrata.hr\/2014-2020\/wordpress\/wp-content\/uploads\/2022\/12\/Obrazac-4.-Sporazum-o-partnerstvu_M.2.2._v.2.0.docx\">Obrazac 4 &#8211; Sporazum o partnerstvu<\/a><\/li>\n<li><a href=\"https:\/\/vela-vrata.hr\/2014-2020\/wordpress\/wp-content\/uploads\/2022\/12\/Obrazac-5.-Sazetak-izbora-ponuda_M2.2._v.2.0.xlsx\">Obrazac 5 &#8211; Sa\u017eetak izbora ponuda<\/a><\/li>\n<li><a href=\"https:\/\/vela-vrata.hr\/2014-2020\/wordpress\/wp-content\/uploads\/2022\/12\/Obrazac-6.-Izjava-o-nepostojanju-sukoba-interesa_M.2.2._V.2.0.docx\">Obrazac 6 &#8211; Izjava o nepostojanju sukoba interesa izme\u0111u korisnika i ponuditelja<\/a><\/li>\n<li><a href=\"https:\/\/vela-vrata.hr\/2014-2020\/wordpress\/wp-content\/uploads\/2022\/12\/Obrazac-7.-Izjava-o-nepostojanju-vlasnicke-povezanosti_M.2.2._V.20..docx\">Obrazac 7 &#8211; Izjava o nepostojanju vlasni\u010dke povezanosti (izme\u0111u ponuditelja u istom ulaganju)<\/a><\/li>\n<li><a href=\"https:\/\/vela-vrata.hr\/2014-2020\/wordpress\/wp-content\/uploads\/2022\/12\/Obrazac-8.A-Zahtjev-za-isplatu-V.2.0.docx\">Obrazac 8.A Zahtjev za isplatu<\/a><\/li>\n<li><a href=\"https:\/\/vela-vrata.hr\/2014-2020\/wp-content\/uploads\/2024\/01\/Obrazac-8.B-Zahtjev-za-isplatu_Izjava-o-izdacima.xlsx\">Obrazac-8.B-Zahtjev-za-isplatu_Izjava-o-izdacima<\/a><\/li>\n<li><a href=\"https:\/\/vela-vrata.hr\/2014-2020\/wordpress\/wp-content\/uploads\/2022\/12\/Obrazac-9.-Izjava-o-velicini-poduzeca_M2.2.v.2.0.xlsx\">Obrazac 9 &#8211; Izjava o veli\u010dini poduze\u0107a&nbsp;<\/a><\/li>\n<li><a href=\"https:\/\/vela-vrata.hr\/2014-2020\/wordpress\/wp-content\/uploads\/2022\/12\/Obrazac-10.-Izvjesce-o-napretku.docx\">Obrazac-10.-Izvjesce-o-napretku<\/a><\/li>\n<li><a href=\"https:\/\/vela-vrata.hr\/2014-2020\/wordpress\/wp-content\/uploads\/2022\/12\/Obrazac-11.-Izjava-vlasnika-nekretnine.docx\">Obrazac 11 &#8211; Izjava vlasnika nekretnine<\/a><\/li>\n<li><a href=\"https:\/\/vela-vrata.hr\/2014-2020\/wordpress\/wp-content\/uploads\/2022\/12\/Obrazac-12.-Izjava-o-javnoj-dostupnosti-ulaganja.docx\">Obrazac-12.-Izjava-o-javnoj-dostupnosti-ulaganja<\/a>&nbsp;<\/li>\n<li><a href=\"https:\/\/euribarstvo.hr\/natjecaji\/novi-pravilnik-o-uvjetima-kriterijima-nacinu-odabira-financiranja-i-provedbe-lokalnih-razvojnih-strategija-u-ribarstvu-2019-godina\/\">Obrazac 13 &#8211; Zahtjev za odobrenje promjena u operacijama u okviru provedbe LRSR<\/a><\/li>\n<\/ul>\n<h1><div class=\"eds-animate  \" data-eds-entry-animation=\"pulse\" data-eds-entry-delay=\"0\" data-eds-entry-duration=\"1\" data-eds-entry-timing=\"linear\" data-eds-exit-animation=\"\" data-eds-exit-delay=\"\" data-eds-exit-duration=\"\" data-eds-exit-timing=\"\" data-eds-repeat-count=\"infinite\" data-eds-keep=\"yes\" data-eds-animate-on=\"load\" data-eds-scroll-offset=\"\">&#8211; &#8211; &#8211; &#8211; &#8211; &#8211; &#8211; &#8211; &#8211; &#8211; &#8211; &#8211; &#8211; &#8211; &#8211; &#8211; &#8211; &#8211; &#8211; &#8211; &#8211; &#8211; &#8211; &#8211; &#8211; &#8211; &#8211; &#8211; &#8211; &#8211; &#8211; &#8211; &#8211; &#8211; &#8211; &#8211; &#8211; &#8211; &#8211; &#8211; &#8211; &#8211; &#8211; &#8211; &#8211; &#8211; &#8211; &#8211; &#8211; &#8211; &#8211; &#8211; &#8211; &#8211; &#8211; &#8211; &#8211; &#8211; &#8211; &#8211; &#8211; &#8211; &#8211; &#8211; &#8211; &#8211; &#8211; &#8211;<\/div><\/h1>\n<h1><strong><u>FLAG Natje\u010daj za Mjeru 2.2. O\u010duvanje i valorizacija pomorske i ribarske ba\u0161tine i o\u010duvanje identiteta podru\u010dja &#8211; ZATVOREN<\/u><\/strong><\/h1>\n<p><!--more--><\/p>\n<p>Predmet i svrha FLAG natje\u010daja je dodjela javne potpore za provedbu Mjere 2.2. u okviru odobrene LRSR s&nbsp;<strong>ciljem<\/strong>&nbsp;<strong>promicanje za\u0161tite i odr\u017eivog upravljanja prirodnom resursnom osnovnom i valorizacija kulturne, pomorske i ribarske ba\u0161tine i povezanih tradicijskih znanja.<\/strong><\/p>\n<ul>\n<li>Rok za podno\u0161enje prijava po\u010dinje te\u0107i od&nbsp;<strong>20.09.2019<\/strong>. godine i traje do&nbsp;<strong>20.11.2019<\/strong>. &#8211; 15.11.2019. produ\u017een je rok za prijave do <strong>20.12.2019.<\/strong><\/li>\n<li><strong>Ukupan iznos<\/strong>&nbsp;raspolo\u017eivih sredstava javne potpore za sufinanciranje Mjere 2.2 na ovom FLAG natje\u010daju iznosi&nbsp;<strong>273.000,00 EUR<\/strong>&nbsp;u kunskoj protuvrijednosti od 2.060.331,00 kn<\/li>\n<li>Nakon 2.izmjene FLAG natje\u010daja, iznos raspolo\u017eivih sredstava iznosi <strong>955.000,00 EUR<\/strong> u kunskoj protuvrijednosti od 7.207.385,00 kn<\/li>\n<li><strong>Najni\u017ei iznos javne potpore po projektu<\/strong>: 3.000,00 EUR odnosno 22.641,00 HRK<\/li>\n<li><strong>Najvi\u0161i iznos javne potpore po projektu:<\/strong>&nbsp;150.000,00 EUR odnosno 1.132.050,00 HRK<\/li>\n<\/ul>\n<p>Intenzitet potpore iznosi&nbsp;<strong>100%<\/strong>&nbsp;ukupno prihvatljivih tro\u0161kova u okviru Mjere 2.2.&nbsp;u slu\u010daju da projekt odnosno operacija zadovoljava kriterije: zajedni\u010dkog korisnika i zajedni\u010dkog interesa, sukladno Pravilniku o provedbi LRSR, \u010clanak 8. stavak 3.<\/p>\n<p><strong>Prihvatljivi nositelji projekta: <\/strong>Udruga u ribarstvu, udruga izvan sektora ribarstva, javnopravno tijelo, poduze\u0107e\/trgova\u010dko dru\u0161tvo ili organizacija u ve\u0107inskom javnom vlasni\u0161tvu.<\/p>\n<p><strong>Nositelj projekta mora imati stalno sjedi\u0161te ili biti registriran ili imati podru\u017enicu unutar ribarstvenog podru\u010dja FLAG-a Vela vrata<\/strong><\/p>\n<p><strong>Prihvatljive aktivnosti (operacije) u okviru ovog FLAG natje\u010daja su:<\/strong><\/p>\n<ol>\n<li>Gra\u0111enje (izgradnja i\/ili rekonstrukcija) i\/ili opremanje javnih prostora i\/ili javnih dobara za predstavljanje odnosno interpretaciju tradicijske pomorske i ribarske ba\u0161tine uklju\u010duju\u0107i uvo\u0111enje inovativnih sustava interpretacije&nbsp;<\/li>\n<li>Aktivnosti o\u010duvanja i valorizacije pomorske i ribarske ba\u0161tine te o\u010duvanja bogatstva identiteta podru\u010dja koje ne uklju\u010duju gra\u0111enje i\/ili opremanje javnih prostora i\/ili javnih dobara za predstavljanje odnosno interpretaciju tradicijske pomorske i ribarske ba\u0161tine;<\/li>\n<li>Aktivnosti organizacije tradicijskih regata, drugih manifestacija i promid\u017ebenih doga\u0111anja s ciljem promicanja rezultata projekta\/operacije te valoriziranja pomorske i ribarske ba\u0161tine;<\/li>\n<li>Aktivnosti edukacije stanovni\u0161tva i posjetitelja\/turista o tradiciji brodogradnje te prijenos znanja i vje\u0161tina povezanih s pomorskom i ribarskom ba\u0161tinom.&nbsp;<\/li>\n<\/ol>\n<p>Informacije o FLAG natje\u010daju mo\u017eete zatra\u017eiti:<\/p>\n<ul>\n<li><strong>e-mailom:<\/strong>&nbsp;natjecaji.velavrata@gmail.com<\/li>\n<\/ul>\n<ul>\n<li><strong>Osobno<\/strong>: u vrijeme konzultacija u sjedi\u0161tu LAGUR-a Vela vrata u Cresu, na adresi Pod urom 6. Vrijeme konzultacija biti \u0107e objavljeno na www.vela-vrata.hr<\/li>\n<\/ul>\n<ul>\n<li>Odgovori na pitanja biti \u0107e objavljeni na web stranici&nbsp;<a href=\"http:\/\/www.vela-vrata.hr\">vela-vrata.hr<\/a><\/li>\n<\/ul>\n<p>Natje\u010dajnu dokumentaciju mo\u017eete prona\u0107i na sljede\u0107im linkovim.<\/p>\n<p><a href=\"https:\/\/vela-vrata.hr\/2014-2020\/wordpress\/wp-content\/uploads\/2019\/09\/03-2019-03.pdf\">Odluka o raspisivanju FLAG natje\u010daja za mjeru 2.2.<\/a><\/p>\n<p style=\"text-align: center;\">Natje\u010dajna dokumentacija:<\/p>\n<p><b><i>1.&nbsp;<a href=\"https:\/\/vela-vrata.hr\/2014-2020\/wordpress\/wp-content\/uploads\/2019\/09\/FLAG-natjecaj_FLAG-VV_M-2.2_V.-1.2..pdf\">Tekst FLAG natjecaja_M 2.2_V. 1.2.<\/a>&nbsp;&#8211; stavljen van snage<\/i><\/b><\/p>\n<p><a href=\"https:\/\/vela-vrata.hr\/2014-2020\/wordpress\/wp-content\/uploads\/2019\/09\/FLAG-natjecaj_FLAG-VV_M-2.2_V.1_3.pdf\">FLAG natjecaj_FLAG VV_M 2.2_V.1_3 <\/a><b><i>&#8211; stavljen van snage<\/i><\/b><\/p>\n<p><a href=\"https:\/\/vela-vrata.hr\/2014-2020\/wordpress\/wp-content\/uploads\/2019\/09\/SKM_C22721050311250.pdf\">Odluka o izmjeni FLAG natje\u010daja<\/a>&nbsp; &#8211; 04\/2021<\/p>\n<p><a href=\"https:\/\/vela-vrata.hr\/2014-2020\/wordpress\/wp-content\/uploads\/2022\/06\/03-2022-08_Odluka_Izmjena-FN-M2.2..pdf\">Odluka o izmjeni FLAG natje\u010daja<\/a> &#8211; <strong>05\/2022<\/strong><\/p>\n<p><a href=\"https:\/\/vela-vrata.hr\/2014-2020\/wp-content\/uploads\/2023\/06\/FN-VV_M-2.2_V.1.4._cetvrta-izmjena_F.pdf\"><strong><em>Tekst FLAG natjecaja_M 2.2._v.1.4.<\/em><\/strong> <\/a>&#8211; <strong>25.05.2022. &#8211; stavljen van snage<\/strong><\/p>\n<p><a href=\"https:\/\/vela-vrata.hr\/2014-2020\/wp-content\/uploads\/2023\/06\/FN-VV_M-2.2_V.1.5._peta-izmjena_F.pdf\"><strong><em>Tekst FLAG natjecaja_M 2.2._v.1.5.<\/em><\/strong><\/a>&#8211; <strong>29.12.2022. &#8211; stavljen van snage<\/strong><\/p>\n<p><a href=\"https:\/\/vela-vrata.hr\/2014-2020\/wp-content\/uploads\/2023\/09\/03-2023-17_Odluka-o-6.-izmjeni-FLAG-Natjecaja-za-Mjeru-2.2..pdf\">Odluka o izmjeni FLAG natje\u010daja<\/a> &#8211; <strong>09\/2023<\/strong><\/p>\n<p><a href=\"https:\/\/vela-vrata.hr\/2014-2020\/wp-content\/uploads\/2023\/09\/FN-VV_M-2.2_V.1.6._sesta-izmjena_F.pdf\"><strong><em>Tekst FLAG natjecaja_M 2.2._v.1.6.<\/em><\/strong><\/a>&#8211; <strong>13.09.2023.&nbsp; &#8211; stavljen van snage<\/strong><\/p>\n<p><a href=\"https:\/\/vela-vrata.hr\/2014-2020\/wp-content\/uploads\/2023\/10\/03-2023-18_Odluka_7.-izmjena-FN-M2.2.pdf\">Odluka o izmjeni FLAG natje\u010daja <\/a>&#8211; <strong>10\/2023<\/strong><\/p>\n<p><strong><em><a href=\"https:\/\/vela-vrata.hr\/2014-2020\/wp-content\/uploads\/2023\/12\/FN-VV_M-2.2_V.1.7._sedma-izmjena_F.pdf\">Tekst FLAG natjecaja_M 2.2._v.1.7<\/a>.<\/em><\/strong>&#8211; <strong>20.10.2023.<\/strong><\/p>\n<h5>2. PRILOZI SPECIFI\u010cNI ZA MJERU 2.2.<\/h5>\n<ul>\n<li><a href=\"https:\/\/vela-vrata.hr\/2014-2020\/wordpress\/wp-content\/uploads\/2019\/09\/PRILOG-I-Popis-dokumentacije-za-podnosenje-ZZP_1.1..pdf\">PRILOG I Popis dokumentacije za podnosenje ZZP_1.1.<\/a><\/li>\n<li><a href=\"https:\/\/vela-vrata.hr\/2014-2020\/wordpress\/wp-content\/uploads\/2019\/09\/PRILOG-II-Popis-dokumentacije-za-podnosenje-ZZI.pdf\">PRILOG II Popis dokumentacije za podnosenje Zahtjeva za isplatu<\/a><\/li>\n<li><a href=\"https:\/\/vela-vrata.hr\/2014-2020\/wordpress\/wp-content\/uploads\/2019\/09\/PRILOG-III-LPT-Pravila-i-upute-za-izracun-troskova-1.1.-1.pdf\">PRILOG III LPT-Pravila i upute za izracun troskova 1.1.<\/a><\/li>\n<\/ul>\n<h5><strong style=\"font-size: 1rem;\"><em>3. PRILOZI ZA SVE FLAG NATJE\u010cAJE<\/em><\/strong><\/h5>\n<ul>\n<li><a href=\"https:\/\/euribarstvo.hr\/files\/Pravila-i-upute-za-provedbu-nabave_nositelj-projekta.pdf\">PRILOG IV Pravila i upute za provedbu nabave&nbsp;<\/a><\/li>\n<li><a href=\"https:\/\/euribarstvo.hr\/propisi-smjernice\/\">PRILOG V Pravila za provedbu mjera informiranja i promid\u017ebu<\/a><\/li>\n<li><a href=\"https:\/\/vela-vrata.hr\/2014-2020\/wordpress\/wp-content\/uploads\/2019\/09\/LRSR-FLAG-Vela-vrata_V2_I1_F.pdf\">PRILOG VI Lokalna razvojna strategija u ribarstvu LAGUR-a Vela vrata za razdoblje 2014.-2020.<\/a><\/li>\n<li><a href=\"https:\/\/narodne-novine.nn.hr\/clanci\/sluzbeni\/2019_03_27_556.html\">PRILOG VII Pravilnik o provedbi LRSR<\/a><\/li>\n<li><a href=\"https:\/\/vela-vrata.hr\/2014-2020\/wordpress\/wp-content\/uploads\/2019\/09\/Pravilnik-VV-za-odabir-i-provedbu-projekata-u-okviru-LRSR.pdf\">PRILOG VIII Pravilnik za provedbu projekata u okviru LRSR LAGUR-a Vela vrata<\/a><\/li>\n<li><a href=\"https:\/\/euribarstvo.hr\/propisi-smjernice\/\">PRILOG IX Priru\u010dnik za korisnike OPPR-a_ Kontrola na terenu<\/a><\/li>\n<li><a href=\"https:\/\/euribarstvo.hr\/propisi-smjernice\/\">PRILOG X Upute za \u010duvanje dokumentacije<\/a><\/li>\n<li><a href=\"https:\/\/euribarstvo.hr\/propisi-smjernice\/\">PRILOG XI Vodi\u010d za upis u evidenciju korisnika potpora u ruralnom razvoju i ribarstvu<\/a><\/li>\n<li><a href=\"https:\/\/vela-vrata.hr\/2014-2020\/wordpress\/wp-content\/uploads\/2019\/09\/Vodi\u010d_Definicija-MSP-a-1.pdf\">PRILOG XII Vodi\u010d_Definicija-MSP-a<\/a><\/li>\n<li><a href=\"https:\/\/euribarstvo.hr\/propisi-smjernice\/\">PRILOG XIII Vizualni identitet OP za pomorstvo i ribarstvo<\/a><\/li>\n<li><a href=\"https:\/\/euribarstvo.hr\/propisi-smjernice\/\">PRILOG XIV Uputa za popunjavanje obrasca Zahtjeva za kontrolu na terenu u ranijoj fazi<\/a><\/li>\n<\/ul>\n<h5><strong style=\"font-size: 1rem;\"><em>4. OBRASCI<\/em><\/strong><\/h5>\n<ul>\n<li><a href=\"https:\/\/vela-vrata.hr\/2014-2020\/wordpress\/wp-content\/uploads\/2019\/09\/Obrazac-1.A-Zahtjev-za-potporu.docx\">Obrazac 1.A Zahtjev za potporu<\/a><\/li>\n<li><a href=\"https:\/\/vela-vrata.hr\/2014-2020\/wordpress\/wp-content\/uploads\/2019\/09\/Obrazac-1.B-Lista-tro\u0161kova-v.1.1..xlsx\">Obrazac-1.B-Lista-tro\u0161kova v.1.1.<\/a><\/li>\n<li><a href=\"https:\/\/vela-vrata.hr\/2014-2020\/wordpress\/wp-content\/uploads\/2019\/09\/Obrazac-1.C-Odrzivost-projekta.xlsx\">Obrazac 1.C Odr\u017eivost projekta<\/a><\/li>\n<li><a href=\"https:\/\/vela-vrata.hr\/2014-2020\/wordpress\/wp-content\/uploads\/2019\/09\/Obrazac-2.-A-Izjava-Nositelja-projekta.docx\">Obrazac 2. A Izjava Nositelja projekta &#8211; prijavitelja (za projekte u partnerstvu)<\/a><\/li>\n<li><a href=\"https:\/\/vela-vrata.hr\/2014-2020\/wordpress\/wp-content\/uploads\/2019\/09\/Obrazac-2.-B-Izjava-Nositelja-projekta.docx\">Obrazac 2 B &#8211; Izjava nositelja projekta &#8211; prijavitelja ( za samostalne projekte)<\/a><\/li>\n<li><a href=\"https:\/\/vela-vrata.hr\/2014-2020\/wordpress\/wp-content\/uploads\/2019\/09\/Obrazac-3.-Izjava-Partnera-u-projektu.docx\">Obrazac 3 &#8211; Izjava partnera u projektu<\/a><\/li>\n<li><a href=\"https:\/\/vela-vrata.hr\/2014-2020\/wordpress\/wp-content\/uploads\/2019\/09\/Obrazac-4.-Sporazum-o-partnerstvu.docx\">Obrazac 4 &#8211; Sporazum o partnerstvu<\/a><\/li>\n<li><a href=\"https:\/\/vela-vrata.hr\/2014-2020\/wordpress\/wp-content\/uploads\/2019\/09\/Obrazac-5.-Sazetak-izbora-ponuda.xlsx\">Obrazac 5 &#8211; Sa\u017eetak izbora ponuda<\/a><\/li>\n<li><a href=\"https:\/\/vela-vrata.hr\/2014-2020\/wordpress\/wp-content\/uploads\/2019\/09\/Obrazac-6.-Izjava-o-nespostojanju-sukoba-interesa.docx\">Obrazac 6 &#8211; Izjava o nepostojanju sukoba interesa izme\u0111u korisnika i ponuditelja<\/a><\/li>\n<li><a href=\"https:\/\/vela-vrata.hr\/2014-2020\/wordpress\/wp-content\/uploads\/2019\/09\/Obrazac-7.-Izjava-o-nepostojanju-vlasnicke-povezanosti.docx\">Obrazac 7 &#8211; Izjava o nepostojanju vlasni\u010dke povezanosti (izme\u0111u ponuditelja u istom ulaganju)<\/a><\/li>\n<li><a href=\"https:\/\/vela-vrata.hr\/2014-2020\/wordpress\/wp-content\/uploads\/2019\/09\/Obrazac-8.A-Zahtjev-za-isplatu.docx\">Obrazac 8.A Zahtjev za isplatu <\/a>&#8211; stavljen van snage<\/li>\n<li><a href=\"https:\/\/vela-vrata.hr\/2014-2020\/wordpress\/wp-content\/uploads\/2023\/01\/Obrazac-8.A-Zahtjev-za-isplatu-EUR.docx\">Obrazac 8.A Zahtjev za isplatu<\/a> &#8211; <strong>na snazi od 01.01.2023.<\/strong><\/li>\n<li><a href=\"https:\/\/vela-vrata.hr\/2014-2020\/wordpress\/wp-content\/uploads\/2019\/09\/Obrazac-8.B-Zahtjev-za-isplatu_Izjava-o-izdacima_v.1-1.xlsx\">Obrazac-8.B-Zahtjev-za-isplatu_Izjava-o-izdacima<\/a> &#8211; stavljen van snage<\/li>\n<li><a href=\"https:\/\/vela-vrata.hr\/2014-2020\/wordpress\/wp-content\/uploads\/2023\/01\/Obrazac-8.B-Zahtjev-za-isplatu_Izjava-o-izdacima_EUR.xlsx\">Obrazac-8.B-Zahtjev-za-isplatu_Izjava-o-izdacima<\/a> &#8211; <strong>na snazi od 01.01.2023.<\/strong><\/li>\n<li><a href=\"https:\/\/vela-vrata.hr\/2014-2020\/wordpress\/wp-content\/uploads\/2019\/09\/Obrazac-9.-Izjava-o-velicini-poduzeca.xlsx\">Obrazac 9 &#8211; Izjava o veli\u010dini poduze\u0107a<\/a>&nbsp;<\/li>\n<li><a href=\"https:\/\/vela-vrata.hr\/2014-2020\/wordpress\/wp-content\/uploads\/2019\/09\/Obrazac-10.-Izvjesce-o-napretku-1.docx\">Obrazac-10.-Izvjesce-o-napretku<\/a><\/li>\n<li><a href=\"https:\/\/vela-vrata.hr\/2014-2020\/wordpress\/wp-content\/uploads\/2019\/09\/Obrazac-11.-Izjava-vlasnika-nekretnice.docx\">Obrazac 11 &#8211; Izjava vlasnika nekretnine<\/a><\/li>\n<li><a href=\"https:\/\/vela-vrata.hr\/2014-2020\/wordpress\/wp-content\/uploads\/2019\/09\/Obrazac-12.-Izjava-o-javnoj-dostupnosti-ulaganja-v.1.1.docx\">Obrazac-12.-Izjava-o-javnoj-dostupnosti-ulaganja v.1.1<\/a><\/li>\n<li><a href=\"https:\/\/euribarstvo.hr\/natjecaji\/novi-pravilnik-o-uvjetima-kriterijima-nacinu-odabira-financiranja-i-provedbe-lokalnih-razvojnih-strategija-u-ribarstvu-2019-godina\/\">Obrazac 13 &#8211; Zahtjev za odobrenje promjena u operacijama u okviru provedbe LRSR<\/a><\/li>\n<\/ul>\n<h6>REZULTATI&nbsp;<\/h6>\n<p><a href=\"https:\/\/vela-vrata.hr\/2014-2020\/wordpress\/wp-content\/uploads\/2019\/09\/Finalna-RL_opis.pdf\">Finalna RL_opis<\/a><\/p>\n<p>&nbsp;<\/p>\n<p>06.07.2020.<\/p>\n","protected":false},"excerpt":{"rendered":"<p>2. FLAG Natje\u010daj za Mjeru 2.2. O\u010duvanje i valorizacija pomorske i ribarske ba\u0161tine i o\u010duvanje identiteta podru\u010dja &#8211; ZATVORENO Predmet i svrha FLAG natje\u010daja je dodjela javne potpore za provedbu Mjere 2.2. u okviru odobrene LRSR s&nbsp;ciljem&nbsp;promicanje za\u0161tite i odr\u017eivog upravljanja prirodnom resursnom osnovnom i valorizacija kulturne, pomorske i ribarske ba\u0161tine i povezanih tradicijskih znanja. &hellip; <\/p>\n<p class=\"link-more\"><a href=\"https:\/\/vela-vrata.hr\/2014-2020\/mjera-2-2\/\" class=\"more-link\">Nastavi \u010ditati<span class=\"screen-reader-text\"> &#8220;NATJE\u010cAJ MJERA 2.2.&#8221;<\/span><\/a><\/p>\n","protected":false},"author":1,"featured_media":0,"parent":0,"menu_order":0,"comment_status":"closed","ping_status":"closed","template":"","meta":{"ngg_post_thumbnail":0,"footnotes":""},"_links":{"self":[{"href":"https:\/\/vela-vrata.hr\/2014-2020\/wp-json\/wp\/v2\/pages\/628"}],"collection":[{"href":"https:\/\/vela-vrata.hr\/2014-2020\/wp-json\/wp\/v2\/pages"}],"about":[{"href":"https:\/\/vela-vrata.hr\/2014-2020\/wp-json\/wp\/v2\/types\/page"}],"author":[{"embeddable":true,"href":"https:\/\/vela-vrata.hr\/2014-2020\/wp-json\/wp\/v2\/users\/1"}],"replies":[{"embeddable":true,"href":"https:\/\/vela-vrata.hr\/2014-2020\/wp-json\/wp\/v2\/comments?post=628"}],"version-history":[{"count":60,"href":"https:\/\/vela-vrata.hr\/2014-2020\/wp-json\/wp\/v2\/pages\/628\/revisions"}],"predecessor-version":[{"id":1529,"href":"https:\/\/vela-vrata.hr\/2014-2020\/wp-json\/wp\/v2\/pages\/628\/revisions\/1529"}],"wp:attachment":[{"href":"https:\/\/vela-vrata.hr\/2014-2020\/wp-json\/wp\/v2\/media?parent=628"}],"curies":[{"name":"wp","href":"https:\/\/api.w.org\/{rel}","templated":true}]}}